7*s - 2*s**2 - 16*s**2 + s**3 - 42*s. Let t be r(27). What is the greatest common factor of t and 189?
27
Let f = 2186 + -1198. Calculate the highest common factor of 950 and f.
38
Let m(o) = -3616*o + 7248*o - o**2 - 3619*o + 3*o**2 - 4. Let v be 5 - -2*(1 + 0). Let j be m(v). What is the highest common factor of j and 74?
37
Let v = -26334 - -26357. Calculate the highest common divisor of v and 8349.
23
Let a(d) = -10 + 2*d**2 - d**2 + 38*d + 44*d - 86*d. Let z be a(6). Calculate the greatest common divisor of 64 and z.
2
Suppose 0 = 2*q + 2*r - 88, -97 = -3*q + q - 5*r. Suppose -8*f + 42 = 26. Let c(m) = 99*m + 7. Let b be c(f). Calculate the greatest common factor of b and q.
41
Suppose 2*x = u - 3*u + 40, -4*x + 116 = -5*u. Let s = -423 - -471. Calculate the greatest common divisor of s and x.
24
Suppose -57 = i + 2*i. Let f be i + 12/3 - -3. Let d = 26 + f. What is the greatest common divisor of 2 and d?
2
Let l = -8074 - -8091. Suppose 44 = 2*o - 24. What is the greatest common divisor of l and o?
17
Let m = -1785 - -1925. Calculate the highest common divisor of m and 28.
28
Suppose -5*b - 15 = 0, -3*p + 285 + 168 = -b. Suppose 0*w - 12 = -2*w. What is the greatest common divisor of p and w?
6
Let r(c) = -38*c + 1333. Let p be r(31). What is the highest common factor of p and 2263?
31
Suppose -6*k + 24 = 12. Suppose -r - 3*i + 261 = 0, 265 = r - k*i + 4*i. Calculate the greatest common divisor of r and 78.
39
Let r = -2762 + 5114. What is the greatest common divisor of r and 48?
48
Let c be -4 + -1*8*(-9)/12. Suppose 456 = 2*k + c*a, -17 = -2*a - 11. What is the greatest common divisor of 9 and k?
9
Let x = -47 - -166. Let k(g) = g**2 - 429*g + 11617. Let v be k(29). Calculate the greatest common factor of x and v.
17
Let q(b) = -b**2 + 30*b - 109. Let h be q(26). Let t be 2/h*(337 - 7)/(-11). What is the highest common factor of t and 14?
2
Suppose 17 = m + 2*p, -5*m - 3*p + 92 = -0*m. Suppose -m*x - 3426 = -11995. Calculate the highest common factor of x and 41.
41
Let t = 9251 - 6325. Calculate the greatest common divisor of 286 and t.
22
Suppose -21*i - 14*i + 11165 = 0. Suppose 0 = -4*b + 5*l + i, 2*l - 23 = 5*b - 443. Calculate the highest common divisor of 387 and b.
43
Suppose -140*o + 129*o = -6072. Calculate the highest common divisor of o and 138.
138
Let m be 402 + (-8 - (-6 - 9 - -2)). Calculate the highest common factor of m and 333.
37
Let j(b) = 121*b + 526. Let f be j(-4). Calculate the greatest common factor of f and 791.
7
Suppose -2*c + 34 = h, -7*h + 124 = -3*h + 2*c. What is the greatest common divisor of h and 1910?
10
Suppose t = 3*w - 0 + 30, 5*t = -5*w - 70. Let i be (-8)/10 + 108*w/(-110). What is the highest common factor of 16 and i?
2
Let y = -14100 - -15625. Calculate the greatest common factor of 100 and y.
25
Suppose 23*v - 2674 = 385. Suppose l + 25 = 63. Calculate the greatest common divisor of v and l.
19
Let l(h) = 8*h**2 + 54*h + 111. Let z be l(-2). Let i = -174 - -195. What is the greatest common factor of i and z?
7
Let w be (-113)/(-3) + (-38)/(-114). What is the highest common divisor of w and 2033?
19
Suppose 0 = -1668*p + 1605*p + 108675. Calculate the highest common factor of p and 55.
5
Let d be 6/5 - (5206/(-95) - -6). Calculate the greatest common divisor of 3430 and d.
10
Let o be (2 + 1)/(12/8). Let v be 3 - (3 + -3 - o). Suppose a + 60 = 5*q, -v*a + a = -2*q + 6. Calculate the highest common factor of 117 and q.
13
Suppose -228*a = -200*a - 1736. Calculate the highest common divisor of 2449 and a.
31
Suppose -65*s + 926500 = 44*s. What is the highest common factor of 50 and s?
50
Let a(t) = -t**3 + 13*t**2 + 10*t + 9. Let n be a(14). Suppose -11*o = -104 - 600. Let z = o + n. Calculate the greatest common factor of z and 17.
17
Let z be 4*(679/(-28) - -6)*-24. What is the highest common factor of z and 1971?
219
Suppose 0 = -115*k + 74907 - 23042. What is the greatest common divisor of 533 and k?
41
Let n be 970/18 - 108/(-972). Suppose 2*d - 3 + 5 = -x, x - d - 4 = 0. Let o be (-1 + x)/((-2)/(-36)). What is the highest common factor of o and n?
18
Let r = 80 + -22. Suppose -5*s + k = -2*s - 95, -2*s - 2*k + r = 0. Let y = s + -24. Calculate the highest common factor of 56 and y.
7
Let m(u) = u**3 - 74*u**2 + 21*u - 380. Let k be m(76). What is the greatest common factor of 288 and k?
96
Let w(a) = 3*a**3 + 2*a**2 - 9*a + 3. Let j be w(-6). Let g = j - -771. What is the greatest common factor of 63 and g?
63
Let x be 1/1 - (0 + -27). Let p(j) = -18*j + 10. Let c(l) = -3*l + 8. Let g be c(3). Let h be p(g). Calculate the greatest common factor of h and x.
28
Let t(q) = 2*q**2 - 58*q - 300. Let w be t(34). What is the greatest common divisor of 540 and w?
20
Let x = -43 + 36. Let a be 9 + x - (-551 + 3). Suppose -a = 4*c - 9*c + 2*d, 4*d = 0. Calculate the highest common factor of 10 and c.
10
Suppose 5*q = 5*j + 85, 5*q + 149 - 246 = -j. What is the highest common divisor of 893 and q?
19
Let r be 140/(-20)*194/(-1). Calculate the highest common factor of 14 and r.
14
Let j(p) = 3*p + 2. Let q be j(4). Suppose 17*w = 15*w + 2, -l + 5*w + 205 = 0. Suppose l = 21*d - 6*d. Calculate the greatest common factor of q and d.
14
Suppose -5*x = i - 1839, 0 = 5*x - 7*i + 5*i - 1857. What is the greatest common divisor of x and 779?
41
Let d be (-5 - -3)/((-14)/(-21)). Let o be (-11401)/(-52) + d/(-4). Calculate the highest common factor of o and 132.
44
Let u = 147298 - 147264. Let r be (121 - (-2 + 4))*2. Calculate the highest common factor of r and u.
34
Let c(o) = 79*o + 1246. Let r be c(-11). What is the highest common factor of 87 and r?
29
Suppose 353 = b + 5*p, 5*b = -6*p + 7*p + 1895. Let h = 394 - b. Calculate the greatest common divisor of 128 and h.
16
Suppose -11*v = -13*v + 534. Let r = 301 - v. Calculate the highest common factor of 306 and r.
34
Let f = -23 - -373. Let i = 563 - 513. Calculate the highest common divisor of f and i.
50
Suppose 6*a - 10*a = -48. Suppose 7*g + 4752 = 16*g. Suppose -g = 2*z - 24*z. Calculate the highest common factor of z and a.
12
Suppose -71 = -v - 67. What is the highest common factor of v and 17?
1
Let x be 2*(-6 - (-1238)/4). Suppose -246 = -2*h - 5*w, 5*h - x - 62 = w. Calculate the greatest common factor of h and 14.
7
Let i = -376 - -418. Let m be (-4)/(-14) - (-282)/i. Calculate the greatest common divisor of 917 and m.
7
Let p(w) = 3*w**3 - w**2 - 52*w + 350. Let n be p(10). Calculate the highest common divisor of 84 and n.
42
Let b be (-121)/(1 - 2) - 6. Suppose -4*t + 89 = -b. What is the greatest common factor of t and 51?
51
Suppose -68*g + 73*g - 23464 = x, -3*x = -3*g + 14088. Calculate the highest common divisor of 1428 and g.
204
Let h(m) = 5*m**2 - m. Let l be h(3). Suppose 38694 = 738*r - 12966. Calculate the highest common divisor of r and l.
14
Suppose 0 = -120*h + 8388 + 18332 + 4360. What is the highest common divisor of h and 2775?
37
Let t be 74/(-5)*(265/(-10) - -4). What is the highest common factor of 407 and t?
37
Suppose 9*a - 470 = 250. Let d be (4/(-6))/((a/792)/(-5)). What is the greatest common divisor of d and 165?
33
Let r be (-247)/(-7) - (-8)/(-28). Let i(b) = 17 - 12*b + 1 - 3 + 5. Let s be i(-10). What is the greatest common divisor of r and s?
35
Let o(m) = -4*m**3 - 3*m**2 - 10*m - 25. Let d be o(-5). Let k be (-8 - d)*(1 - 4) - -1. Calculate the greatest common divisor of 55 and k.
55
Suppose 0 = -3*j + 6*q - q - 19, q - 5 = 0. Suppose -1443 = -4*x + u, 0 = 2*x + j*x + 5*u - 1425. Calculate the highest common factor of x and 15.
15
Let p be 1 + ((-144)/6)/3. Let i be 2 - (1/(-3))/(p/(-4053)). What is the highest common divisor of 15 and i?
15
Suppose -5*p - 293 = -688. Suppose 5*f - 2*x - 287 = -0*x, -3*f + 5*x + 157 = 0. Let i = p - f. What is the highest common divisor of i and 70?
10
Let i be 30*(23688/(-336))/(5/(-4)). Calculate the greatest common divisor of i and 324.
36
Let t = 7433 - 7342. Let l = -5 + 8. Suppose -l*y - 13 = -4*y. What is the highest common divisor of t and y?
13
Let z = -2972 - -3089. What is the greatest common factor of 39 and z?
39
Let p = -275 - -275. Suppose a - 2*a + 3*r + 170 = 0, p = r + 5. What is the greatest common factor of a and 31?
31
Suppose 2*n + t - 30 = 0, t + 